.
-4
Let v(t) = -t**3 + 13*t**2 - 22*t - 17. Calculate v(11).
-17
Let p(s) = -7*s - 56. What is p(-9)?
7
Let j(u) = 2*u + 3. Determine j(1).
5
Let m(a) = a**2 - 8*a + 4. Give m(9).
13
Let z(o) = 2*o**2 - 20*o + 12. Give z(10).
12
Let g(c) = 8*c**3 - 3*c + 2. Determine g(1).
7
Let s(h) = -h**2 - 2*h + 4. Give s(-3).
1
Let i(z) = z**2 + 6*z - 5. Calculate i(-5).
-10
Let w(p) = -77*p - 464. What is w(-6)?
-2
Let h(s) = -s**3 + 15*s**2 + s - 16. Determine h(15).
-1
Let k(q) = 7*q + 15. Give k(-7).
-34
Let q(m) = -11*m**2 + m + 1. Give q(-2).
-45
Let k(x) = -2*x**3 - 13*x**2 - 12*x + 21. Give k(-5).
6
Let g(f) = -3*f**3 - f**2 + 2*f - 1. Determine g(1).
-3
Let a(b) = -b**2 - 10*b - 10. What is a(-9)?
-1
Let t(b) = b**2 + 5*b + 8. Calculate t(-8).
32
Let h(l) = 53*l - 59. Calculate h(1).
-6
Let z(d) = -13*d - 1. What is z(-1)?
12
Let m(o) = o**3 + 12*o**2 + 2*o + 8. Calculate m(-12).
-16
Let p(h) = -88*h - 351. What is p(-4)?
1
Let x(v) = v**2 + 19*v + 17. Calculate x(-18).
-1
Let l(y) = -3*y**2 - 17*y + 4. Determine l(-6).
-2
Let c(r) = r**2 - 25. Give c(-4).
-9
Let f(i) = 6*i - 20. What is f(5)?
10
Let w(c) = c**2 + 8*c - 13. Give w(-11).
20
Let w(y) = y - 8. Give w(8).
0
Let z(w) = -6*w + 147. Calculate z(24).
3
Let k(d) = -3*d + 54. Calculate k(23).
-15
Let j(r) = -r**3 - 8*r**2 - 3*r - 31. Give j(-6).
-85
Let g(m) = -m**3 + 11*m**2 - 13*m + 7. Calculate g(9).
52
Let u(b) = -16*b + 108. Give u(7).
-4
Let x(f) = 2*f**3 - 69*f**2 - 36*f + 37. What is x(35)?
2
Let u(o) = 5*o + 3. What is u(2)?
13
Let v(q) = q**2 + 30*q + 66. Determine v(-29).
37
Let b(u) = 3*u**3 + 3*u**2 - 3*u + 3. Determine b(2).
33
Let w(g) = -10*g - 1. What is w(4)?
-41
Let h(i) = -2*i - 8. Calculate h(2).
-12
Let b(k) = k**3 + 2*k + 45. Give b(0).
45
Let a(v) = v**2 + 11*v - 42. Calculate a(-14).
0
Let x(b) = -b**3 - 6*b**2 + 5*b + 3. Give x(-7).
17
Let h(n) = n**2 + 2*n - 5. Calculate h(-6).
19
Let s(a) = a**2 + 59*a + 71. Give s(-58).
13
Let s(x) = 12*x**2 - 7*x - 3. What is s(2)?
31
Let m(v) = 3*v**2 - v - 1. Calculate m(-1).
3
Let h(m) = -m - 8. Determine h(-13).
5
Let k(y) = y**3 - 18*y**2 - 41*y + 25. Calculate k(20).
5
Let g(n) = -2*n + 2. Calculate g(3).
-4
Let j(i) = i**3 + 4*i**2 + 6*i + 7. What is j(-3)?
-2
Let y(d) = 2*d**2 + 5*d + 2. Determine y(-3).
5
Let d(a) = -14*a + 431. Determine d(30).
11
Let f(y) = y**3 - 4*y**2 - 13*y + 9. Give f(5).
-31
Let q(u) = -u**3 + 3*u**2 + 5*u - 9. Determine q(4).
-5
Let m(v) = v**3 + 18*v**2 - 24*v + 15. What is m(-19)?
110
Let g(y) = -2*y**3 + 2*y**2 + 24*y - 1. Calculate g(4).
-1
Let b(f) = -f**2 + 15*f - 52. Calculate b(8).
4
Let i(h) = -h**3 + 24*h**2 - 45*h + 70. Give i(22).
48
Let g(c) = c**2 - 7*c - 52. What is g(13)?
26
Let y(w) = w**3 - 9*w**2 - 19. Calculate y(9).
-19
Let i(p) = p**3 - 6*p**2 - 6*p + 7. Calculate i(7).
14
Let o(w) = -w**2 - 20*w - 15. What is o(-21)?
-36
Let y(i) = -i**2 - 28*i - 3. Determine y(-29).
-32
Let i(b) = -b**2 - 14*b - 33. Determine i(-10).
7
Let n(o) = -5*o. Determine n(0).
0
Let x(l) = -17*l - 487. Determine x(-29).
6
Let u(s) = 3*s**2 - 32*s - 92. What is u(13)?
-1
Let j(w) = -22*w**3 + 2*w**2 + 2*w + 1. What is j(-1)?
23
Let k(f) = 23*f + 602. Determine k(-26).
4
Let i(n) = -n**2 - 28*n + 56. Determine i(-30).
-4
Let y(c) = -2*c**2 - 13*c - 9. Give y(-7).
-16
Let f(h) = 5*h + 268. Calculate f(-51).
13
Let g(w) = w**2 - 13*w + 27. Calculate g(13).
27
Let b(a) = -a**3 + 7*a**2 - 4*a - 7. What is b(5)?
23
Let c(m) = m**2 - 20*m - 7. Give c(21).
14
Let b(c) = c**3 - 18*c**2 - 18*c - 22. Calculate b(19).
-3
Let b(h) = -h**3 + 6*h**2 - 9*h. Calculate b(4).
-4
Let p(i) = 4*i + 3. Give p(7).
31
Let w(c) = -2*c**2 - 6*c + 16. Give w(-9).
-92
Let t(q) = -q**3 - 13*q**2 + 30*q + 3. What is t(-15)?
3
Let w(p) = 10*p**2 + p - 1. What is w(1)?
10
Let f(i) = -2*i**2 - i. Calculate f(1).
-3
Let v(y) = -3*y + 47. Calculate v(17).
-4
Let w(z) = -z**3 - z**2 + 2*z + 49. Calculate w(0).
49
Let b(m) = m - 5. What is b(4)?
-1
Let v(z) = -z**3 - 7*z**2 + 10*z + 18. What is v(-8)?
2
Let j(w) = w**3 - 18*w**2 - w + 3. Determine j(18).
-15
Let j(b) = b - 5. Give j(8).
3
Let t(n) = -n**3 + 7*n**2 - 7*n + 7. Give t(6).
1
Let q(g) = g**2 + 18*g + 66. Determine q(-13).
1
Let d(h) = 2*h**2 + 63*h + 139. Give d(-29).
-6
Let t(a) = 15*a + 12. Determine t(-1).
-3
Let d(n) = n**3 + 7*n**2 + 4*n + 9. What is d(-7)?
-19
Let z(o) = -o + 6. What is z(3)?
3
Let k(t) = 34*t**3 - t**2. Give k(-1).
-35
Let l(w) = w**2 - 8*w + 16. What is l(4)?
0
Let k(l) = -l**2 - 4*l - 6. What is k(5)?
-51
Let h(s) = s**3 + 8*s**2 + s - 7. Calculate h(-8).
-15
Let p(o) = -o**3 - 10*o**2 + 10*o - 1. Give p(-11).
10
Let y(p) = p**3 - 6*p**2 + 3*p + 5. Determine y(5).
-5
Let s(b) = -2*b**3 + 2*b**2 - 2*b - 3. What is s(-2)?
25
Let d(p) = p**3 - 2*p + 1. Give d(-3).
-20
Let r(t) = -5*t - 13. Give r(-2).
-3
Let f(x) = x**3 - 3*x**2 - 17*x - 12. Calculate f(6).
-6
Let z(r) = -4*r - 23. Calculate z(-9).
13
Let q(u) = -u + 36. Give q(-10).
46
Let p(o) = o**2 + 6*o + 8. Calculate p(-4).
0
Let v(n) = n**2 - 10*n - 4. Calculate v(11).
7
Let w(c) = c**3 + 21*c**2 + 19*c - 10. Determine w(-20).
10
Let z(y) = -3*y + 21. What is z(0)?
21
Let y(x) = 13*x - 270. Determine y(21).
3
Let w(o) = -o**2 + o + 2. Calculate w(5).
-18
Let i(v) = -23*v + 46. What is i(10)?
-184
Let k(v) = -19*v - 96. What is k(-6)?
18
Let c(y) = 2*y + 5. Give c(-7).
-9
Let k(i) = 16*i + 13. What is k(0)?
13
Let c(s) = -2*s + 10. Calculate c(-6).
22
Let d(t) = t**3 - 10*t**2 - 13*t + 8. What is d(11)?
-14
Let k(z) = -z**2 - 20*z + 15. What is k(-21)?
-6
Let n(u) = 9*u - 6. Give n(-7).
-69
Let n(a) = a**2 - 3*a - 15. Determine n(-6).
39
Let a(n) = -16*n**3 + n**2 + 3*n - 3. Determine a(2).
-121
Let v(x) = -2*x**3 - x**2 + 1. Calculate v(-1).
2
Let a(k) = k - 13. Give a(14).
1
Let t(i) = -12*i + 134. Determine t(12).
-10
Let a(q) = 10*q + 6. What is a(-2)?
-14
Let p(c) = 6*c**2 + c - 6. Calculate p(3).
51
Let s(c) = -c + 17. Determine s(11).
6
Let u(i) = 2*i**3 + 12*i**2 + 4*i - 2. Calculate u(-6).
-26
Let t(n) = 6*n - 94. What is t(16)?
2
Let i(a) = a**3 + 8*a**2 + a + 7. What is i(-8)?
-1
Let g(d) = 99*d - 584. What is g(6)?
10
Let b(d) = d**3 + 13*d**2 + 12*d - 14. What is b(-12)?
-14
Let i(k) = k**2 - 16*k - 21. Determine i(16).
-21
Let w(l) = l - 7. Determine w(-20).
-27
Let o(m) = -9*m - 375. What is o(-42)?
3
Let j(y) = -y**2 - 10*y - 10. Calculate j(-4).
14
Let o(u) = 3*u**2 + 38*u - 19. Determine o(-13).
-6
Let v(j) = j**3 + 7*j**2 - 7. Give v(-6).
29
Let f(u) = u**3 - 6*u**2 + 9*u - 7. Determine f(4).
-3
Let y(m) = 15*m + 17. Calculate y(-8).
-103
Let d(a) = a**2 + 17*a - 36. Calculate d(-19).
2
Let b(j) = 116*j + 1048. Give b(-9).
4
Let u(h) = -h**3 - 5*h**2 + 12*h + 24. Determine u(-6).
-12
Let v(f) = f + 29. What is v(5)?
34
Let s(b) = 3*b + 25. Give s(-7).
4
Let n(t) = -2*t**2 - 23*t - 10. What is n(-11)?
1
Let m(z) = z**2 + z - 7. Give m(-3).
-1
Let p(w) = -7*w**2 + 1. What is p(-1)?
-6
Let n(j) = j**2 - 12*j - 12. Determine n(14).
16
Let h(s) = -4*s - 69. What is h(-19)?
7
Let i(k) = 2*k**2 - 2*k - 6. Determine i(3).
6
Let i(p) = -p**3 - 5*p**2 + p - 1. Calculate i(-4).
-21
Let m(h) = h**2 - h - 4. Give m(4).
8
Let v(a) = -a**2 + 27*a - 65. Give v(23).
27
Let t(u) = u**2 - 50*u - 209. What is t(54)?
7
Let p(z) = -3*z + 2. Give p(-1).
5
Let s(a) = 5*a - 144. Calculate s(36).
36
Let p(d) = 2*d**2 + 8*d - 6. Give p(-7).
36
Let z(b) = -b**3 - 7*b**2 - 10*b - 5. What is z(-7)?
65
Let b(c) = -c**3 - 2*c**2 - 8*c - 34. Give b(-3).
-1
Let r(i) = i**3 + 6*i**2 - 2*i + 5. Determine r(-7).
-30
Let h(c) = c**3 + 2*c + 16. Calculate h(0).
16
Let m(o) = -52*o - 573. What is m(-11)?
-1
Let a(k) = k**2 + 44*k + 308. Calculate a(-35).
-7
Let d(c) = 3*c + 6. Determine d(-12).
-30
Let k(v) = -v**3 + v**2 - 2*v - 2. Calculate k(0).
-2
Let n(v) = 9*v + 15. What is n(-7)?
-48
Let p(g) = -g**3 + 20*g**2 + 45*g - 38. Give p(22).
-16
Let d(j) = -j**2 + 36*j - 61. Determine d(34).
7
Let h(l) = -2*l**3 - 20*l**2 - 18*l - 6. Give h(-9).
-6
Let i(k) = -43*k - 414. Determine i(-10).
16
Let j(k) = -2*k**3 - 20*k**2 + 26*k + 39. Determine j(-11).
-5
Let r(z) = z**2. Give r(2).
4
Let n(z) = -z - 9. Give n(24).
-33
Let m(f) = 2*f**2 + 6*f + 22. Calculate m(-4).
30
Let v(w) = w**3 - 7*w**2 - 5*w + 7. What